756 = -6*t + q*t, 10 = 5*t. What is the hundreds digit of d?
2
What is the thousands digit of 4443*6/(-5 - -7)?
3
Let b(t) = -t**2 + 13*t + 4. Suppose 5*a - 38 - 27 = 0. Let c be b(a). Suppose -c*i + 36 = -8. What is the units digit of i?
1
Suppose 5 = -12*r + 29. Suppose -26 = -4*p + 2*f, r*f + 24 = 5*p - 7. Suppose -p*q = -434 - 316. What is the hundreds digit of q?
1
Suppose -x = -5*i - 3*x + 9920, -2*x + 7936 = 4*i. Suppose -2*t = -4*u - 1400, 5*u = -2*t - 620 + i. What is the tens digit of t?
9
Let y = 20500 + -11454. What is the thousands digit of y?
9
Let n = 53 + -51. Let q be (14/(-35))/(n/(-30)). What is the units digit of (53 - q) + -5 + 1?
3
Let t = 13625 - 7427. What is the tens digit of t?
9
Let r be -3 - (-3 - 1) - 1. Suppose r = -17*u + 7*u + 1500. What is the units digit of u?
0
Suppose 4*x + 2 = 42. What is the tens digit of ((-248)/12)/(x/(-105))?
1
Suppose -f + 485155 = 16*f - 151308. What is the hundreds digit of f?
4
Let j be 1 + ((-93)/(-33) - 8/(-44)). Suppose 15 = 3*f - 5*u, -2*u + 3 + 2 = f. Suppose j*b - 25 - 177 = -5*y, -212 = -f*y + b. What is the units digit of y?
2
Let t(y) = 8*y**2 - 5*y - 3. Let r be t(-3). Suppose 0 = 2*g - r + 24. Suppose g*u = 29*u + 97. What is the tens digit of u?
9
Let p = 63 + -55. Let d(t) = 2*t**2 - 9*t - 1. Let w be d(p). Suppose -w = -3*r + 8. What is the units digit of r?
1
Let l(n) be the second derivative of -21*n**3/2 - 10*n**2 + 141*n. What is the units digit of l(-10)?
0
What is the thousands digit of (770/(-21))/(-11) - 66922/(-6)?
1
Let x(o) be the first derivative of 5*o**2 + 157*o - 122. What is the tens digit of x(20)?
5
Suppose -4*n = -10*u + 9*u - 59359, 5*n + u - 74192 = 0. What is the tens digit of n?
3
Let v(w) = 11*w - 50. Let i be v(4). What is the units digit of 4*(i + 67) - 6?
8
Let h = 197754 + -135496. What is the hundreds digit of h?
2
Suppose -87 = -48*u + 201. What is the tens digit of (-103)/(316/(-52) + u)?
3
Let q = 973 + -166. Let a = q - 390. What is the hundreds digit of a?
4
What is the hundreds digit of 19156*(-3)/(-36) - (-3)/(-9)?
5
Let m(x) = 4*x**2 - 32*x - 15. Let o = -140 - -128. What is the units digit of m(o)?
5
Suppose 8*d - 5 = 19. Suppose 3*y - 35 = -m, -d*m - 3*y + 112 = -y. What is the tens digit of m?
3
Let o = -453 - -462. What is the units digit of ((-530)/4 - -2)/(o/(-36))?
2
Suppose 36*b - 204078 = 593718. What is the thousands digit of b?
2
Let k = -52 + 51. Let n be (0 + (-5)/10)*(-1 - k). Suppose 3*f + 2*f + 4*v = 203, -5*f + v + 193 = n. What is the tens digit of f?
3
Let j = 14 - 8. Let r(d) = 17*d**2 - 3*d + 3 + j*d - 6*d**2 - 7*d**2. What is the tens digit of r(-4)?
5
Suppose s + 4*b = 12923, 50*s + 4*b = 46*s + 51692. What is the units digit of s?
3
Suppose -27 + 19 = 2*g, 4*q + 4*g - 21288 = 0. What is the thousands digit of q?
5
Let n(w) = -w**2 - 11*w + 14. Let g be n(-12). Suppose -5*r = a - 47, -84 = -g*a + 7*r - 12*r. Suppose 4*u + a = 269. What is the tens digit of u?
5
Let g = 57 - 157. Suppose -35*s + 39 - 1334 = 0. Let v = s - g. What is the tens digit of v?
6
Let m = -13 - -28. What is the units digit of 180 - (-5)/m*-3*4?
6
Let j be (-6)/(-2) - (-1)/(0 - -1). Suppose -4*m + j*p = 16, -2*m + 4*m - p + 3 = 0. What is the tens digit of (1 - m)/(-3 + 5) - -68?
6
Let t(p) = -3832*p**3 + 5*p**2 + 6*p + 2. What is the units digit of t(-1)?
3
Let h(j) = 29*j + 870. Let z be h(-30). Let v(w) = -3*w + 2. Let m be v(-6). Suppose 19*x - m*x + 183 = z. What is the units digit of x?
3
Let y(t) = -65*t - 65*t + 78*t - 2 + 5. Let m = -3 - -1. What is the units digit of y(m)?
7
Suppose 24*o - 2510 - 3421 = 1197. What is the units digit of o?
7
Suppose 0 = 1641*l - 1564*l - 1199968. What is the hundreds digit of l?
5
What is the thousands digit of 2008*(-9 + (-1162)/(-28)) - -2?
5
Let v(g) = -7*g**3 - 3*g + 4. Let q be v(1). Let m(h) = h**2 - h + 1. Let w(t) = 8*t**2 + 3*t + 16. Let a(y) = q*m(y) + w(y). What is the tens digit of a(7)?
7
Suppose -3*h - 2*o + 46829 = 0, 5*h + 9442 = -5*o + 87487. What is the thousands digit of h?
5
Suppose -78*g = -297*g + 807015. What is the thousands digit of g?
3
Let r(a) = 2*a + 34. Let u be r(-12). What is the tens digit of (u + -16)*202/(-4)?
0
Suppose -77*v + 81*v = 24. What is the hundreds digit of (7 + 7829)/v + -5?
3
Let b be (-34)/119 + (-33)/7. Let z(j) = 19*j**2 + 16*j + 62. What is the units digit of z(b)?
7
Let p be (12/7 + (-2)/(-7))*-1. Let b(n) = 2*n - 5 - 16*n**3 + 8*n - 5*n - 9*n - 3*n**2. What is the tens digit of b(p)?
1
Suppose -5*o + 4*b = -20, 5*o + b - 31 = -11. Suppose -u + 3*c + 1921 = c, -2*u + 3826 = o*c. What is the units digit of u?
7
Suppose -265*q + 458*q = 2657723 + 5283455. What is the tens digit of q?
4
Suppose -9 = 6*w - 9*w. Suppose 2*c + 5*r = 3803, 6*c = w*c + 2*r + 5657. Suppose 14*i - c = -41. What is the tens digit of i?
3
Let z(g) = -3679*g - 112. What is the hundreds digit of z(-1)?
5
Suppose -5*u + 483 + 2917 = 5*z, -2*z - 1348 = -2*u. Suppose u = -45*b + 46*b - 5*r, -2*r = 0. What is the hundreds digit of b?
6
What is the hundreds digit of (-33)/(297/18) + (7708 - -1)?
7
Suppose 0 = -3*v - 97 + 118. Suppose 4*m - 5*u = 439, -v*m + 126 = -6*m + 2*u. Let o = m + -90. What is the tens digit of o?
2
Let q = 19865 + -9954. What is the tens digit of q?
1
Let b(x) = x**3 + 147*x**2 + 13*x - 374. What is the units digit of b(-146)?
4
What is the hundreds digit of 27999/4 + (-87)/(-348)?
0
Let r be 6 - (-249)/27 - 4/18. Suppose r*s - 375 = -135. What is the tens digit of s?
1
Suppose 5 + 702 = -7*b. Let r = b + 970. What is the tens digit of r?
6
Let m = -304 - -308. Suppose 5*x - 18 = -9*z + 8*z, -3*z - m*x = -109. What is the tens digit of z?
4
Let s = 13 + -18. What is the hundreds digit of 529 - s - (4 + -1)?
5
Let m(p) = -p**3 + 39*p**2 - 50*p + 12. Let f be m(37). Suppose -2*s + f - 152 = 4*j, 2*s = 5*j + 793. What is the tens digit of s?
8
What is the units digit of (-4)/62 - (594567/(-279) + 8)?
3
Suppose -20*u = -41774 - 54446. What is the units digit of u?
1
Let l be ((-3)/6 + 2/4)/(-2). Suppose l = -4*x + 404 + 644. What is the units digit of x?
2
Suppose -22155 = -3*a + 3*i, 273*a - 277*a = -5*i - 29537. What is the units digit of a?
8
Suppose 9 = 5*c - 3*a - 1, 3*c + 3*a + 18 = 0. Let r = -2466 - -2469. What is the tens digit of 278 + c + -2 - r?
7
Let k = 29818 - 13768. What is the hundreds digit of (6/(-10))/((-30)/k)?
3
Let g(y) be the third derivative of y**6/120 - 13*y**5/60 - 3*y**4/4 - 31*y**3/6 + 209*y**2. What is the thousands digit of g(18)?
1
Suppose -8*u - 659 = -2267. Suppose -72*l = -69*l - u. What is the tens digit of l?
6
Let i(k) = -k**3 + 5*k**2 - 7*k + 5. Let n be i(2). Suppose 0 = m - 2*u - 504, 2*u + 568 = n*m - 944. What is the tens digit of m?
0
Let z be (4392/(-27) + -1)/(1/(-3)). Let h = z + -176. Suppose -h = -5*n - f, -4*f - 51 = 4*n - 319. What is the tens digit of n?
6
Let b(y) = 42*y - 108. Let d(n) = -3*n**3 - n**2 - n + 3. Let t be d(-2). What is the hundreds digit of b(t)?
9
What is the tens digit of (0 - 3 - -8325)*1/15*20?
9
Let d = 190 - 96. Let v = -19 + -52. Let g = v + d. What is the units digit of g?
3
Let y = -1032 + 709. Let t = 681 + y. What is the units digit of t?
8
Let z = 20059 + -8971. Suppose -i - z = -12*i. What is the units digit of i?
8
Let c(p) = -3*p - 47. Let b(s) = -2*s - 46. Let j(u) = -4*b(u) + 3*c(u). Let g be j(0). Suppose -47*l = -g*l - 656. What is the units digit of l?
4
Suppose b + 3192 = -5*q + 9*q, -b - 4 = 0. What is the units digit of q?
7
Let p be (-11)/(-3) - (-16)/48. Suppose 1645 = p*c - 2771. What is the thousands digit of c?
1
Suppose -4*x = d - 147990, -52 + 28 = 4*d. What is the tens digit of x?
9
Let j = 2716 + -778. Suppose 4*c + 114 = j. What is the hundreds digit of c?
4
Let m(v) be the second derivative of v**3/6 - 5*v. Let o be m(17). What is the tens digit of ((8/6)/(-4))/(o/(-663))?
1
Let f = -1453 - -2071. What is the tens digit of (f/4)/((-53)/(-106))?
0
Let d(b) = -2*b + 37. Let h be d(18). Let u be h/(-2) + (-9)/(-6). What is the tens digit of (-498)/(-6) - (u + 0)?
8
Suppose -152*m - 30*m + 3924284 = 0. What is the ten thousands digit of m?
2
Let o(p) = -p**3 + 125*p**2 - 35*p - 3011. What is the tens digit of o(123)?
4
Let b = -48045 - -82687. What is the